t - 153 = 3*a, -t + 64 = t - 4*a. Calculate the greatest common divisor of t and 20.
10
Suppose 0 = -z + 3*d + 32, -4*z = 2*d - 47 - 81. Calculate the highest common factor of z and 8.
8
Suppose 37 = 2*u - 7. Calculate the highest common factor of 154 and u.
22
Let s be (-1 - 0)*1*-15. Let m be -4*(81/12)/3. Let h = m + 15. What is the highest common divisor of h and s?
3
Let a = -13 - -13. Suppose 3*q - 3 - 42 = a. What is the greatest common divisor of 165 and q?
15
Suppose 0*r + j + 139 = 2*r, 4*r - 5*j - 263 = 0. Calculate the greatest common divisor of 48 and r.
24
Let d(l) = -7 - 4 - l + 2*l + 0. Let w be d(13). Suppose w*s - 2 + 0 = 4*f, -5*f + 5 = 0. What is the highest common divisor of s and 9?
3
Suppose -4*i = 27 - 183. Calculate the greatest common divisor of i and 26.
13
Let u = 7 - -5. Let c be 2 + (-5 - -2) + 121. Calculate the highest common factor of u and c.
12
Let o = -27 + 11. Let r = -10 - o. Calculate the highest common divisor of 3 and r.
3
Let o(s) = 3*s**2 - 1. Let b be o(-1). Let q(x) = 6*x**2 - 4*x + 2. Let g be q(b). Calculate the greatest common factor of g and 6.
6
Suppose 7*m = 3*m + 2*p + 214, 4*m + 4*p = 220. Calculate the greatest common factor of m and 6.
6
Let p(g) = -5*g - 9. Let v be p(-9). Let b be 10/(-5) + 6*1. Suppose -b*c + 11 - 449 = -5*t, 5*t - c = 447. Calculate the highest common factor of t and v.
18
Suppose 0 = -j - 1 - 1. Let k = j + 7. What is the greatest common factor of 20 and k?
5
Let g(q) = -q**3 - 7*q**2 - 5*q + 21. Let c be g(-7). Calculate the highest common divisor of c and 42.
14
Suppose 4*n = -a + 6, 3*n + n - 12 = -4*a. Let h be 4/(n - -1) + 38. What is the greatest common factor of 10 and h?
10
Let q(m) = -m**2 + 1. Let y be q(-1). Suppose y*p + 16 = 2*p. What is the greatest common divisor of p and 72?
8
Let g(h) = -3*h + 6*h - h. Let y be g(1). Suppose 0 = -4*o - 5*c + 261, -c - 141 = -y*o - 0*c. Calculate the highest common factor of 46 and o.
23
Let o be (-2)/8 - (-1588)/16. Let g(m) = -m**3 - 21*m**2 - 40*m - 27. Let w be g(-19). Calculate the highest common divisor of o and w.
11
Suppose 3*l - 4*x - 24 = -l, -18 = -4*l + 2*x. Suppose -k = -l*k + 20. Let a = -23 - -43. What is the highest common factor of k and a?
10
Suppose -9 = 2*w - 5*w. Let z(n) = n**2 + n + 32. Let m be z(0). Suppose -160 = -5*q - 5*a, 5*a = -q - 4 + m. What is the highest common factor of q and w?
3
Suppose 1700 = 4*r - 2408. Suppose 950 + r = 5*o - 3*q, -3*o = -4*q - 1184. Suppose o = 5*m - m. Calculate the greatest common divisor of m and 11.
11
Let j = -5 + 13. Suppose 5*n - 339 = 2*b, -b = -6*b + 15. Suppose -155 = -4*m + n. Calculate the highest common factor of m and j.
8
Let b be 3*(-224)/(-6)*1. Let m = b - 55. Let x = m + -25. What is the greatest common divisor of 16 and x?
16
Let k(s) = -2*s + 47. Let x be k(22). Calculate the greatest common divisor of x and 36.
3
Suppose 15 = -2*d + 3. Let t be (-13)/((-3)/d*-2). Suppose u + 4*u - 715 = 0. Calculate the greatest common factor of u and t.
13
Suppose 0*n = -n + 7. Let s(o) = 14*o. Let r be s(2). What is the highest common factor of r and n?
7
Let g(p) = p**2 - 2*p + 2. Let r be g(4). Suppose -8*k + r*k = 34. Calculate the highest common divisor of 17 and k.
17
Let z = -27 + 45. Suppose -15 = -j - 4*j. Suppose 5*m + j*v = 231, -m = 2*v - 5*v - 39. Calculate the highest common divisor of m and z.
9
Let a be 44/4 + (2 - 0). Suppose -4*m + 2*m + a = -3*p, 3*p = 5*m - 55. Calculate the highest common divisor of 154 and m.
14
Let z(q) = 3*q**2 + 2*q. Suppose -2*w = -w - 2*x + 1, 2 = w - 5*x. Let i be z(w). Calculate the highest common divisor of i and 105.
21
Suppose -7 + 5 = -2*x. Let q be ((-11)/(-4))/(5/20). What is the highest common divisor of q and x?
1
Let n(l) = -l**3 - 5*l**2 + 6*l + 8. Let x be n(-6). What is the highest common factor of x and 1?
1
Let z(j) = -j**3 - 5*j**2 + 6*j + 3. Let u be z(-6). Suppose 3*w - 41 = -2*w + u*x, -5*w + x = -47. Calculate the greatest common factor of 100 and w.
10
Let p be (-1)/(9/(-8) - -1). Suppose -r + 6 = -p. Let l = 99 + -57. What is the greatest common divisor of r and l?
14
Let p = 328 - 223. Calculate the greatest common factor of p and 30.
15
Suppose 10 = 4*t - 22. Let z(d) = d**3 - 12*d**2 + 7*d - 12. Let w be z(12). What is the greatest common factor of t and w?
8
Let p = 3 + 16. What is the highest common factor of 76 and p?
19
Let t(f) = -f**2 + 9*f - 10. Let a be t(7). Suppose 2*h - 36 = 2*c, -a*c - 4*h - 76 + 4 = 0. Let j = c + 33. Calculate the greatest common divisor of 45 and j.
15
Let z = -3 + 6. Suppose -i + z*i - 20 = 0. Let b be (-1)/5 + 142/i. Calculate the greatest common factor of b and 98.
14
Let z be (-1)/(-4) - (-2125)/(-68). Let n = 1 - z. What is the greatest common factor of n and 128?
32
Let d(z) = -5*z - 1. Let i be d(-3). Let o = 15 + 20. Calculate the highest common factor of i and o.
7
Let n be 10/((4/(-192))/((-1)/3)). What is the highest common factor of n and 32?
32
Let y = -6 - -6. Suppose y = 3*u - 0*u - 36. What is the greatest common divisor of 96 and u?
12
Suppose -8*t + 9*t = 2. What is the highest common factor of t and 5?
1
Let w(z) = -3*z + 1. Let f be w(-1). Suppose -5*u - 9 = 2*b, -5*u - 8 = b + f. Calculate the highest common divisor of 15 and b.
3
Suppose -q + 21 = 3*l + 3*q, -5*q - 21 = -3*l. Calculate the highest common factor of l and 35.
7
Suppose -9 = -5*x + 2*x. Suppose x - 27 = -l. What is the highest common factor of l and 12?
12
Suppose -8*t = -2*n - 3*t + 60, -119 = -5*n - 3*t. Let m = 19 + n. What is the greatest common factor of 22 and m?
22
Suppose -5*t - 14 = -6*t. Let z(b) = -9*b + 11. Let q be z(-5). Calculate the highest common factor of t and q.
14
Suppose -2*m + 2 = 0, 0*y - m = -4*y + 15. Suppose -4 = -2*i, -5*s + 5*i + 20 = -y*s. Calculate the greatest common divisor of 15 and s.
15
Let t(f) = 31*f**2 - 1. Let p be t(-1). What is the highest common factor of 6 and p?
6
Let i(a) = -a**3 - 5*a**2 + 9*a - 5. Let o be i(-7). Suppose 3*m + m = 120. What is the greatest common divisor of m and o?
30
Let y(n) = n**2 - 12*n + 13. Suppose -3*c - 16 + 49 = 0. Let j be y(c). Suppose j*b = 23 + 9. Calculate the highest common divisor of b and 80.
16
Let g = 29 - -158. Let s be (-4)/(-18) - g/(-9). Suppose s + 14 = x. What is the greatest common factor of x and 5?
5
Suppose 3*i = 2*y + 144, 5*i + 106 = 5*y + 341. Calculate the highest common factor of i and 20.
10
Let v be 28 - 7/((-28)/(-8)). What is the highest common factor of v and 39?
13
Let n be (2 - -47) + -1*4. Calculate the greatest common factor of 15 and n.
15
Let v(d) = 10*d**2 + 6*d. Let l be v(-5). Let s = 316 - l. Suppose 2*j - s = 282. Calculate the greatest common divisor of 21 and j.
21
Let j(p) = 9 + p**2 + 0 + p - 3*p - 6. Let k be j(5). What is the greatest common factor of k and 3?
3
Let j be 2/((-4)/(-6)*-3). Let k be (3 + -2)/(j/(-5)). What is the highest common factor of 5 and k?
5
Let o be 7*((-72)/21)/4. Let q = 19 + o. Calculate the highest common divisor of q and 143.
13
Suppose -3*o + 144 + 72 = 0. Suppose o = 5*y - y. Calculate the greatest common divisor of 18 and y.
18
Let d(j) = -j**2 - 9*j + 2. Suppose 4 = -v - s + 11, 2*v - 2*s = 14. Let w be d(v). Let a be 4/(-6) - w/3. What is the highest common factor of a and 18?
18
Let r(u) = u**2 + 10*u + 11. Let s be r(-10). Let n = 47 - s. Calculate the highest common divisor of 12 and n.
12
Let z be (0 + -3)*(-2 - 5). Suppose 2*r + 21 = 103. Suppose g = -3*s - 0 + r, 3*g - 39 = -3*s. Calculate the greatest common factor of z and s.
7
Suppose 0*k + 4*k - 29 = l, -4*l - 20 = 0. What is the highest common factor of k and 60?
6
Suppose -2*p + 249 = p. Suppose -24 = -h - 3*g + 16, -5*g = 2*h - p. Calculate the highest common factor of 7 and h.
7
Let c be (-22)/(5 - 22/4). Calculate the highest common divisor of c and 22.
22
Let u(g) = -g**2 + 12*g + 48. Let h be u(15). Let k be 4/2*(1 + 0). Let d be 9 + 0/k + 0. What is the greatest common divisor of d and h?
3
Suppose 3*w = 3*c + 2*w - 113, 189 = 5*c - 2*w. Suppose a = -5 + c. What is the greatest common divisor of 8 and a?
8
Suppose -4*l + 28 = -5*s, 3*s = 6*l - l - 22. What is the greatest common divisor of 5 and l?
1
Let v(p) be the third derivative of p**5/60 - 